 (9 - 12 - (-14 + 8))?
11
What is 3 - (-1 + -1 - 2 - (41 + -40))?
8
What is -10 + (-4 - 3) - -9?
-8
Evaluate 7 - (15 + (-6 - -7 - (7 + -1))).
-3
Calculate -1 - (8 + (-12 + 9 - (-1 - -4))).
-3
What is the value of (2 - (6 - 1 - (-8 + 22))) + -37?
-26
What is 3 + -5 + (4 - -1)?
3
Calculate (-3 - 7) + (26 - 25) + 30.
21
5 - (11 - 4 - 5) - (-25 + 11)
17
Evaluate 78 + -88 + -2 + 7.
-5
Evaluate -6 + 6 + -15 - -5.
-10
What is the value of -17 - -4 - (-5 - 0 - 0) - 20?
-28
8 - (-7 - -20 - 18)
13
What is 0 + -36 - (59 - 81)?
-14
Calculate -7 + (-15 - -8 - -6) + 4.
-4
What is the value of 4 - (38 + -14) - (0 + -1)?
-19
What is 4 + -3 + -7 + 10 + 7?
11
What is 49 - 48 - (0 - -2) - (7 - 3)?
-5
What is 0 - (2 + 10) - -12 - 5?
-5
What is the value of -7 - (12 + -8 + 14 + -8)?
-17
Calculate 11 - (4 - (-11 - -2)).
-2
Evaluate -4 + 3 + 6 - (0 + 1) - -6.
10
Calculate -777 + 765 - (-16 - 1).
5
What is -1 + (0 - (1 + 0)) + (-283 - -285)?
0
What is 3 + (-4 - -16) + -23?
-8
Calculate -1 + 1 + 2 + -207 + 198 - -19.
12
Calculate -25 - (-17 + (-24 - -17)).
-1
Calculate (35 - 9) + (10 - 11).
25
What is -22 + (-24 + 30 - (0 + -3))?
-13
What is 13 + (-7 + -12 - -3) - (1 + -2)?
-2
What is 5 + -16 - (-1 + (-18 - -31))?
-23
What is the value of -1 + 4 + (2 - 0) + (68 - 85)?
-12
Evaluate 6 + (-5 - (23 + -1)) + (26 - 18).
-13
What is -170 - -169 - (2 + 10)?
-13
Evaluate 1 + (4 - 3 - (7 + 9 - 27)).
13
What is the value of -37 - (-21 + -17 + 10)?
-9
Evaluate (1 - (-1 - -10) - (348 + -340)) + 9.
-7
1 + 22 + (-22 - -17) + (4 - 11)
11
What is (5 + -4 + -6 + 10 - -1) + -8?
-2
What is the value of 3 - ((-8 - -8) + 11 - 3)?
-5
What is (-17 - (9 - 19)) + (-1 - (1 + -1))?
-8
What is the value of 26 - (-23 - -58 - 6)?
-3
What is the value of (-13 + -1 - -2) + (-852 - -837)?
-27
What is 3 + -1 + -1 - (7 + -4)?
-2
Calculate (-38 + 40 - (0 - -10)) + 0.
-8
Evaluate 14 - 19 - 12 - -17.
0
Evaluate (-1 - -6) + (-47 - -127 - 61).
24
Evaluate 19 + 23 + (-11 - 7).
24
What is 5 + 1 - ((-24 - -25) + -8)?
13
What is the value of (22 - -1 - (-63 + 72)) + 8?
22
What is the value of -3 + (2 - -3) + (-6 - -2) + 10?
8
What is the value of 7 + -45 + 31 + (-2 + 2 - -29)?
22
What is the value of (-2 - -12) + (-22 + 27 - 4)?
11
What is the value of 15 + -12 + (-6 - (4 - 7))?
0
Calculate 2 + 0 + (20 + -3 - 9).
10
What is the value of 9 - 33 - (-22 + 9)?
-11
75 + -84 + 1 + 20
12
(0 - (5 - 1)) + 823 + -826
-7
Calculate (170 - 160) + (2 - 23).
-11
What is -12 - ((-9 - (-1 + -2)) + (-9 - -7))?
-4
Calculate 14 + (-21 - 9) - -12.
-4
Calculate 36 + -26 - (5 - (-1 + 3)) - 2.
5
Calculate (-2 - -10 - 13) + 0 + 3.
-2
Calculate (3 + 2 + -1 - (-1 - 0)) + -14.
-9
Evaluate (1 - 0 - 45) + 9 + 1.
-34
Evaluate -1 - (-2 + -9 + -4 + 2).
12
What is -381 - -399 - (17 + -1)?
2
Calculate (1 - 10) + 3 + -31 + (-5 - -39).
-3
(27 - 5) + -14 + -1
7
Calculate -9 - (3 + -8) - (3 - (0 - -4)).
-3
What is (2 - -34) + -23 + (41 - 3 - 16)?
35
What is (5 - (4 - -1 - 5)) + -30 + 17?
-8
Evaluate 26 + -61 + 30 - -4.
-1
What is the value of 82 + -59 - (-4 - 7)?
34
What is the value of 13 - -46 - (-3 - -30)?
32
Calculate -1 + -1 + 0 - (1157 - 1169).
10
-37 + 60 - (8 - 8)
23
What is the value of -25 + 10 - (-11 + -1)?
-3
10 + -1 - 4 - -3
8
Evaluate -4 + 20 + 122 + -148.
-10
What is the value of -5 - (-12 + (-7 - -13) + 1)?
0
Evaluate (-20 - -29) + 0 - 20.
-11
What is 4 + 5 + (-8 - -2) + (-47 - -21)?
-23
Calculate 15 + 9 + -11 + -22.
-9
Evaluate 18 - (5 + -3 + -6 + (-24 - -31)).
15
Evaluate (9 - (-3 - -12)) + -3 + -5.
-8
Evaluate (-3 - (9 - 8)) + (-8 - (0 + 6)).
-18
What is -1 - -14 - (11 - 11 - 12)?
25
Evaluate -19 + 17 + 7 + -1.
4
Calculate -20 + (16 + -19 - (2 + -9)).
-16
Calculate (-24 - -23 - (3 - -2)) + 30.
24
What is 0 + ((-2 - 1) + 0 - -3)?
0
What is 15 + (17 - 4) + -9 + -33?
-14
What is the value of (14 - 22) + (-3 + 13 - -4) + 6?
12
Calculate 200 + -167 - (5 + 37).
-9
What is the value of -2 + -5 + 4 - -15?
12
(22 - 9) + -30 + 3 + -3
-17
Calculate 0 - -5 - -1 - (-101 - -100) - 1.
6
Evaluate -17 - -14 - (-2 + -1 - 3).
3
Calculate (-10 - -39) + -16 - 16.
-3
Calculate 0 - (2 + -5) - (16 + 14 - 25).
-2
What is the value of 2 + (-9 - (6 - 9)) + 10?
6
Calculate 19 + -5 + -7 + 6 + -7.
6
4 + -2 - 6 - (34 - (56 - 14))
4
Calculate -23 + -1 - 0 - -20.
-4
What is (20 - (19 - 17)) + -36?
-18
(4 - 9) + 3 + -2 + -9
-13
(-3 - -4) + (8 - 2) + 3
10
(-8 - (-2 + (-8 - -6))) + 14 - 5
5
What is the value of 5 - -4 - (-21 - -25)?
5
Calculate -1 + -1 + (-1 - (3 - 0)) + 6.
0
Calculate 7 - (14 + 1 + (-14 - -4)).
2
-9 + -2 + 5 + (8 - 0)
2
Calculate 7 + 5 + -40 - -44.
16
What is 0 + (4 - (8 + 1)) + 9?
4
Evaluate -9 - (12 + -17 + 7) - -20.
9
What is the value of 51 - (19 + 21) - (12 + 0)?
-1
Evaluate -4 - -3 - 10 - -4 - (0 + -19).
12
1 + -8 - (-33 + 10 - -14)
2
(13 - (1 + 0)) + 180 + -187
5
Evaluate -38 - (-70 + -11 + 40).
3
What is 3 + -5 + 34 - (-14 - -17 - 3)?
32
Evaluate (14 - 11 - -19) + -7 + (0 - 3).
12
Calculate (-2 - (-24 + 22 - 3)) + 0 + 26.
29
0 + 5 + (-49 - -15 - -41)
12
Evaluate 0 + -5 + -11 + (11 - (5 - -14)).
-24
What is the value of (-13 - -2 - (-19 - -11)) + (0 - -15)?
12
What is the value of -62 + 49 - ((0 - -1) + 2)?
-16
Calculate -14 + (21 - 12) - (-1 + 10).
-14
Evaluate -9 + 21 + (-5 - 4) + -11.
-8
What is the value of 4 + (-12 - 12) + 19?
-1
What is the value of 5 + (25 - (12 + -10 - -12))?
16
What is the value of 126 + -120 + 12 + (-3 - 1)?
14
Evaluate 11 + -27 - (11 - 8).
-19
Calculate -2 + 6 + (9 - (7 - 1)).
7
Evaluate -301 + 253 + 2 + 28.
-18
4 - -2 - (9 + (8 - (-10 - -26)))
5
Calculate (1 - 4) + (11 - (8 + -6) - 13).
-7
What is 48 + -26 + (36 - 31)?
27
What is 2 - 0 - (-16 - (-13 - -7))?
12
Calculate -6 + 8 - 10 - 3.
-11
What is the value of 1 + 1 + -8 + (8 - -2 - 5)?
-1
Calculate 26 - (-8 - (-12 + 16 - 6)).
32
Calculate 6 + 0 - (-5 - (9 + -11)).
9
What is 8 + (26 - 20) - 20?
-6
What is the value of -47 + (7 + 3 - (-12 - -9))?
-34
What is the value of 22 + 0 - (11 + 3 + (10 - 15))?
13
Evaluate 6 + (3 - 2) - (136 + -115).
-14
What is 7 - ((18 - 9) + -27 + 1 - -10)?
14
Calculate 3 + 14 - (32 - 7).
-8
Evaluate 18 - (-2 + 4) - (-226 + 235).
7
Evaluate (-63 - -37) + (4 - 3 - -16).
-9
-16 + 9 - -15 - (39 - -7)
-38
What is the value of -30 + 16 - (-19 - 12)?
17
Calculate -2 + 21 + -8 + -20.
-9
What is 72 + -36 - 34 - (1 + -15)?
16
13 + (3 - (-13 + 2 + -1))
28
What is the value of -39 + 17 - (-5 - 10)?
-7
What is the value of 306 + -306 + (1 - -2)?
3
What is the value of 14 - (8 - (-6 + (-8 - -20)) - -5)?
7
What is (-4 - -23) + (-153 - -141)?
7
What is the value of 7 + ((4 - 34) + 37 - (2 - 10))?
22
Calculate 2 + (-6 - -5 - -4) + (-2 - 2).
1
Evaluate -14 + 26 - (-8 + 31).
-11
Calculate 4 + -1 - (-10 + 14 - 0 - 25).
24
What is (5 - (-1 - -2)) + -5 + 53 + -56?
-4
-316 + 313 + (-1 + -16 - (0 + 1))
-21
Calculate 462 - 466 - (-5 - (0 - 0)).
1
Evaluate 4 - (-3 - -1 - (31 - 28)).
9
-122 - -114 - (5 - -1)
-14
Calculate 3 + 0 + ((34 - 18) + -8 - 8).
3
What is -36 + (49 - 15) - (-4 + (-1 - -1))?
2
Evaluate 11 + -10 - (-8 + 22).
-13
What is (-2 - (0 + -12 + -1)) + -4?
7
What is the value of 0 - (11 - 6) - (-6 - 0 - -6)?
-5
Evaluate 12 + (3 + -37 - (-15 - -4)).
-11
Evaluate 1 + 24 + (-15 - (-12 + 5 + -1)).
18
What is -4 + 11 + (-34 - -21)?
-6
What is the value of -19 + 49 + -17 - 6 - (-14 + -1)?
22
Calculate (10 - (-8 + -22)) + -48.
-8
What is the value of (-2 - (1 - (0 + 0) - 2)) + 3?
2
Calculate -20 + -11 + 17 - -22.
8
43 + -16 + -24 + 15
18
What is (-11 - (-4 - 2)) + 9 + (5 - 1)?
8
Calculate 0 + -30 + 35 + 0 + -1 + 1.
5
Evaluate 25 - (6 - (-10 + 2 + 15)).
26
What is -42 + 41 + -5 + 0 + 1 + 10?
5
Calculate -7 + 2 + (-8 - -12) + -3.
-4
What is (8 - 5) + 17 + -17?
3
What is the value of (23 - (9 - -54)) + 21?
-19
-30 + 40 - -20 - -1
31
What is (-5829 - -5852) + (-8 + 1 + 0 - 0)?
16
What is the value of -3 + (2 + 8 - (-6 - -9)) + 14?
18
What is the value of -2 + 0 + 2 + 2 + -10 + -6?
-14
(0 - 28) + (-7 - (-15 + -7 + 5))
-18
What is the value of 24 - 34 - (-46 + 16)?
20
What is the value of 6 + -1 + -1 - (-35 + 40 - -4)?
-5
Evaluate (12 - 17 - 24) + 14 + -3.
-18
Calculate 5 - (-1 - -6) - (18 + -9).
-9
What is 4 - 11 - (10 + -1 + (1 - 17))?
0
What is -3 - 43 - (-82 - -32 - -43)?
-39
-24 - (27 + -62 - 0)
11
What is the value of -17 - (33 + (-70 - -15))?
5
16 + -1